j(15). Let h = 115 + w. Calculate the highest common divisor of 95 and h.
19
Suppose -3*l - 159 = -m, 0 = -4*m - l + 580 + 82. What is the highest common factor of m and 30?
15
Let s = 18 - -237. Calculate the greatest common divisor of s and 34.
17
Suppose -3*s = 4*q - 382, 4*q + 4*s = q + 283. Let n = -54 + q. What is the greatest common divisor of n and 172?
43
Let n be ((-30)/4)/(15/(-30)). What is the highest common divisor of n and 15?
15
Suppose -5*i - 67 = o - 2*i, o = 5*i - 59. Let m = o + 160. Let t = -205 + 221. Calculate the highest common divisor of t and m.
16
Let k be -4 + (-10 - -2)/((-18)/63). What is the greatest common factor of 384 and k?
24
Suppose m + 358 = 52*z - 51*z, z - 362 = -m. What is the greatest common factor of 8 and z?
8
Let o(p) = 4*p**2 + 1. Let j be o(3). Let g(q) = 5*q**3 + q**2 - 3*q + 9. Let u be g(4). What is the greatest common factor of u and j?
37
Let s(g) = 3*g - 13. Let b be s(6). Suppose 6*r = b*r + 3. Let h be 2 + 13 + r + -4. Calculate the greatest common factor of 2 and h.
2
Let c be ((-20)/(-7))/((-20)/(-140)). Suppose 4*j + c = 9*j. Let o(t) = -t + 4. Let i be o(0). What is the greatest common factor of i and j?
4
Suppose -2*l - 710 = -v, 3*v + 2*l - 2517 = -371. Calculate the greatest common factor of 42 and v.
42
Suppose -278*j + 279*j - 1919 = 2*f, -5*j + 9595 = -2*f. What is the greatest common divisor of 19 and j?
19
Suppose 2*v = -188 + 668. Let n be 1*5 + v/24. What is the greatest common factor of n and 3?
3
Let c(f) = -7*f - 1. Let k be c(-3). Let b be ((-484)/(-6))/1 + (-76)/114. What is the highest common divisor of k and b?
20
Let q(d) = 3*d**2 - 44*d + 215. Let m be q(5). Calculate the greatest common factor of 840 and m.
70
Let b be -1*(0 + -29) - 1. Let q(i) = 42*i**2 - 331*i - 36. Let k be q(8). What is the greatest common factor of b and k?
4
Let i(j) = 2*j**2 - 19*j - 80. Let h be i(-10). Calculate the greatest common factor of 30 and h.
10
Let o(s) = s**3 + 8*s**2 + 31*s + 97. Let u be o(-5). Calculate the highest common factor of 544 and u.
17
Let m = -75 - -108. Suppose 0 = -4*k + 113 - m. What is the highest common divisor of 5 and k?
5
Suppose -328 + 4 = -4*w. Calculate the highest common divisor of 135 and w.
27
Let p = -220 + 339. Let s be -1*(3 - 60/3). Calculate the greatest common factor of s and p.
17
Let i = 478 - 403. What is the highest common divisor of 3 and i?
3
Let y(r) = r**2 + 15*r + 8. Let c be y(-10). Let f = c - -72. Let q be ((-12)/8)/((-4)/120). What is the highest common factor of f and q?
15
Let h be 61/9 - (-28)/126. Calculate the greatest common factor of 42 and h.
7
Let z be 2/(-2) + (-21)/(-1). Let i(q) = 4*q**3 + 5*q**2 + 13*q - 28. Let u be i(2). Calculate the highest common factor of z and u.
10
Let f be 4/(-2) - 72/(-4). Let y = 22 - f. Suppose -5*s + 32 = 3*a, 0 = 5*s + a + 4*a - 40. Calculate the highest common factor of s and y.
2
Let l be 19/(1/4*4). Let y(n) = n**2 - 3*n + 1. Let f be y(4). Suppose -5*d + 37 = z + 9, f*d - 104 = -3*z. What is the highest common divisor of z and l?
19
Let m = -55 + 115. Let i(g) = g. Let k be i(2). Let w be (k + -4)/(12/(-90)). What is the greatest common divisor of m and w?
15
Suppose 2*i = 3*a + 391 + 64, 5*a = -25. What is the greatest common divisor of i and 275?
55
Let w(r) = 2*r**2 - r - 9. Let k be w(3). Suppose -a + t - 730 = -k*a, 3*a + 5*t = 416. What is the highest common divisor of 21 and a?
21
Let r be (-10)/20*(0 - (-2 + 4850)). What is the greatest common factor of 24 and r?
24
Let r be 12 + (-6 - -6 - 6). Suppose 0*x + 2*o = -5*x + 154, -2*x + 62 = o. Calculate the highest common factor of r and x.
6
Let i(d) = -7*d + 1. Let a be i(-1). Let q(l) = -l**3 - 8*l**2 - 9*l + 8. Let r be q(-7). Let w = r - 20. Calculate the highest common divisor of w and a.
2
Let t = 281 - 138. What is the greatest common divisor of 13 and t?
13
Let b = 28 - -9. Let o = b - 22. Suppose -3*q + 23 - 8 = 0. Calculate the highest common divisor of o and q.
5
Let r(j) = 313*j - 4. Let c be r(1). Let u = c - 119. What is the highest common divisor of u and 19?
19
Let u(b) = -7*b**3 + 5*b**2 + 4*b - 2. Let w be u(-2). Let c = 403 + -391. Calculate the highest common divisor of w and c.
6
Suppose -4*c + 7*c - 42 = 3*j, 0 = -5*j - 20. Calculate the highest common divisor of c and 30.
10
Let g(i) = -i**2 - 14*i + 18. Let h be g(-14). Suppose -14*n = -11*n - h. What is the highest common divisor of 12 and n?
6
Let h = -12 - -21. Suppose t = 2*g + 42, g + 22 + 53 = 2*t. Let r be (t/(-21)*-1)/((-4)/(-42)). Calculate the greatest common divisor of r and h.
9
Let c be 10 + 2/((-7)/(-11417)*14). Suppose -s = 3*s - 108. Calculate the greatest common divisor of c and s.
27
Let k(t) = t**3 + 6*t**2 - 8*t - 2. Let q(l) = 7*l. Let h be 0*2/(-6) - 1. Let u be q(h). Let v be k(u). Calculate the highest common divisor of 15 and v.
5
Suppose z = -7*z - 648. Suppose 2*q - 11 - 21 = 4*c, -2*q = 4*c + 40. Let y be (-6)/((z/(-6))/c). What is the highest common factor of y and 20?
4
Suppose 0 = -3*f - 12*f + 45. Suppose -5*c + 29 = d, d - 2*d - f*c + 29 = 0. Let g be ((-6)/(-3))/(-2)*-319. Calculate the highest common factor of d and g.
29
Suppose 3 + 6 = 9*d. Let m be (((-39)/(-2))/13)/(d/2). Calculate the greatest common divisor of m and 2.
1
Let w = -22 + 2. Let i = -11 - w. Suppose i*c = 8*c + 56. What is the greatest common factor of 14 and c?
14
Let u = -10 - -62. Let x be (4 - u/(-2))/1. What is the highest common divisor of x and 12?
6
Let d be 40/8 - (-1 - -4). Let f be d/(-2 - 0) + 30. What is the highest common divisor of f and 232?
29
Let x(c) = c**3 - c**2 + 25. Let h be x(0). Let i = h - 21. Let s be 2 - (-10)/1*i. Calculate the greatest common divisor of 21 and s.
21
Suppose -3*n - 3 = 0, h - 10 = 40*n - 38*n. Let j be ((-16)/(-2))/(1/3). Calculate the greatest common factor of h and j.
8
Suppose 3*s + 269 = 5*h + 65, s = -2*h + 75. What is the highest common factor of 12 and h?
3
Let v be (-102)/(-4) - (-2)/(-4) - -2. Suppose 0 = 2*o - 22*o + 900. Calculate the highest common factor of v and o.
9
Let w be (-1 - 228/(-16))*-4. Let l = -37 - w. Calculate the highest common divisor of 112 and l.
16
Suppose t = 0, 2*x + 0*x - 3*t - 84 = 0. Suppose a - 3*c = -4, 0 = -2*a - 3*c + x - 5. Calculate the greatest common divisor of a and 121.
11
Suppose 0 = -10*a - 3*a + 234. Suppose 3*g - 4*g = -27. Calculate the greatest common factor of g and a.
9
Let x = -948 - -964. What is the greatest common factor of 104 and x?
8
Let a be (-3)/27 + (-247)/18*-14. Calculate the highest common divisor of 168 and a.
24
Suppose 36*z + z - 13912 = 0. What is the greatest common factor of z and 282?
94
Let v(b) = 96*b**2 + b - 1. Let n be v(1). Let w be 2/31 + 2220/186. What is the highest common divisor of w and n?
12
Let z = -11 + 107. Calculate the highest common factor of z and 48.
48
Suppose 8*t - t - 252 = 0. Suppose 2*b = t - 6. What is the highest common divisor of 6 and b?
3
Suppose 3*m = -2*d + 31, -3*m - 5*d = 13 - 59. Suppose 5*x = 2*k - 20, -2*x = -2*k + 7 + m. Calculate the highest common factor of k and 40.
5
Let k be (-4)/6 + (-10)/((-180)/822). What is the highest common divisor of k and 10?
5
Suppose -4*u + 15 = -u, l - 3*u - 19 = 0. What is the greatest common divisor of 1054 and l?
34
Suppose 128 - 668 = -12*j. What is the highest common factor of 1935 and j?
45
Suppose -55*k = -50*k - 30. Calculate the greatest common factor of 774 and k.
6
Suppose 5*p - 5841 = -1816. What is the greatest common factor of p and 35?
35
Suppose 0 = -4941*a + 4936*a + 210. Let v be 6816/18 - 4/6. What is the greatest common factor of v and a?
42
Suppose 68894 = 23*a + 11279. Calculate the highest common divisor of a and 15.
15
Let f be 560/(-98)*(-196)/8. What is the highest common factor of f and 200?
20
Suppose 0 = l + 2*l. Let g(v) = -v**3 - v**2 + 20. Let d be g(l). Suppose 15*r + 10*r = 125. Calculate the greatest common divisor of r and d.
5
Suppose -4*d + d + 626 = -2*j, j = 3*d - 625. Suppose 5*l + d = 9*l. Calculate the greatest common divisor of 130 and l.
26
Suppose 0 = n - 64 - 12. Let d(m) = m**2 - 2. Let y be d(2). Suppose -248 = -y*f + n. What is the highest common divisor of f and 18?
18
Let f = -2 + 5. Let x = 120 + -106. Supp